late the greatest common factor of 99 and j.
11
Suppose -4*x = -0*x. Suppose -4*l + l + 189 = x. What is the highest common factor of 42 and l?
21
Let y(i) = 2*i**2 - 5*i - 3. Let p be y(-3). Calculate the greatest common divisor of p and 15.
15
Let m = 31 + -13. What is the greatest common factor of 18 and m?
18
Let n be ((-16)/20)/(2/(-10)). Suppose n*y + y - 50 = 0. Calculate the greatest common divisor of 10 and y.
10
Let j = -11 + 19. Let q = 203 - 139. What is the highest common divisor of q and j?
8
Suppose b + 96 = 5*u + 4, 5*b = u - 364. Let i be ((-8)/(-16))/((-1)/b). What is the highest common factor of 12 and i?
12
Let f be (-2783)/(-88) - 3/(-8). Calculate the highest common factor of 16 and f.
16
Let k = 16 + -10. Let r be (-4)/k + (-951)/(-9). What is the greatest common divisor of 42 and r?
21
Let d(w) = w**3 + 6*w**2 + 3*w + 4. Let g be d(-5). Let z = g - 3. What is the greatest common factor of z and 33?
11
Let t be 196/2 - (-2 + 1). Let p = 0 + 2. Suppose 0*z - 22 = -p*z. Calculate the greatest common factor of t and z.
11
Let x = 13 - 5. Calculate the greatest common factor of 88 and x.
8
Let g(u) = -10*u. Let c be g(-3). Let n = c - 17. What is the highest common factor of 91 and n?
13
Let n(r) = 2*r**2 + 8*r + 10 - 6*r**2 + 3*r**2. Let m be n(8). What is the greatest common divisor of m and 5?
5
Suppose -4*m = -5*o + 544, 0 = -7*m + 4*m - 3. Suppose o = 3*b - b. Calculate the highest common divisor of 9 and b.
9
Let i(g) = g**2 - 4*g - 25. Let c be i(-11). What is the greatest common divisor of c and 56?
28
Let d = 193 - 63. Suppose -3*z + 2*z = -13. Calculate the greatest common divisor of d and z.
13
Let o = 0 + -1. Let v be ((-24)/(-15))/(o/(-5)). Suppose -2*r + 0*r = -v. Calculate the highest common factor of 16 and r.
4
Let w(a) = -a**3 + 5*a**2 - 2*a - 4. Let g be w(3). Calculate the greatest common factor of g and 32.
8
Let z = -299 + 452. Suppose 5*p + 5*a - 71 = 2*p, -3*a = -2*p + 22. Calculate the greatest common divisor of p and z.
17
Suppose -2*g + 120 = 3*g. Suppose 3*m = m + g. Let h = 2 + 2. Calculate the highest common divisor of m and h.
4
Suppose -r = -2*k - 4*r + 8, -5*r = 2*k - 12. Let l be (k/2 - 0)*-42. Let b = 36 + l. Calculate the highest common divisor of b and 10.
5
Let v = 14 - 5. What is the greatest common factor of v and 18?
9
Suppose -2*s - 2*z - z = -87, 3*z = s - 21. Let w = -25 - -29. What is the greatest common factor of s and w?
4
Let d(y) = -y**3 + y + 132. Let h be d(0). Calculate the highest common divisor of h and 12.
12
Let a = 11 - -61. What is the highest common factor of a and 9?
9
Let x(y) = y**3 - y + 16. Let k(l) = l**3 + 5*l**2 + 5*l + 4. Let w be k(-4). Let o be x(w). Calculate the greatest common factor of o and 8.
8
Let b be (-18)/108 + 182/12. Calculate the highest common factor of b and 135.
15
Suppose 9 = -3*t, -2*t = -3*s + 15 + 3. Calculate the greatest common divisor of 44 and s.
4
Let h = 702 + -441. Suppose 87 = 20*t - 17*t + 2*n, 4*n = -3*t + 87. What is the greatest common factor of h and t?
29
Let i = 9 - -15. Suppose -5*c - 4*y = -22, -5*y - 10 = -c + 6. What is the highest common divisor of i and c?
6
Let j = 4 + -1. Suppose -28 - 97 = -2*z + 5*k, -2*k - 193 = -j*z. What is the highest common divisor of 26 and z?
13
Let x(v) = -v**3 + 5*v**2 - 6. Let z be x(5). Let h = z + 11. Suppose -h*w = -w - 108. What is the highest common divisor of 9 and w?
9
Suppose -4*x = 2*f - 76, 2*f - 5*x = 4*f - 77. What is the greatest common factor of 48 and f?
12
Suppose b - 3*r = 54, 3*r - 5 = 1. Calculate the greatest common factor of 20 and b.
20
Suppose -2*o - 4*i = o + 4, 0 = 4*i + 4. Suppose -51 = -o*f - f. Calculate the greatest common divisor of 17 and f.
17
Let w(z) = z**3 + 5*z**2 - z - 2. Let q be w(-5). What is the highest common factor of 9 and q?
3
Let c be 22/(-12)*-3*-2. Let a be 4/22 + (-64)/c. Calculate the highest common divisor of a and 42.
6
Suppose -5*k = -3*j + 85, 0 = -3*k + 2*j - 3*j - 65. Let g = k + 12. Let i be (-4 + 0)*14/g. What is the greatest common divisor of i and 21?
7
Let r(z) = z + 41. Let m be r(-11). Let a = 13 + -3. Calculate the highest common factor of m and a.
10
Let f(h) = 2*h**2 + 13*h + 5. Let d be f(-7). What is the greatest common factor of d and 18?
6
Suppose 2*u = -7 + 55. Calculate the highest common divisor of u and 6.
6
Suppose 0 = -2*g + i + 68 + 257, -3*g + 520 = 5*i. What is the greatest common factor of g and 66?
33
Let g = -61 - -145. What is the greatest common divisor of g and 21?
21
Let a be (7 + -2)/((-8)/(-192)). What is the greatest common divisor of a and 48?
24
Suppose 3*a = -0*a + 57. What is the highest common factor of a and 171?
19
Let j be 1 + 1 - (-18)/(-6). Let d be 18 - (-4 - -2) - j. Calculate the highest common divisor of d and 231.
21
Let a(m) = -m**2 + 10*m - 1. Let p be a(9). Calculate the highest common divisor of 40 and p.
8
Suppose -13*l - 160 = -18*l. What is the highest common divisor of 32 and l?
32
Suppose -4*h + 529 = -d + 9, -3*d = 0. Calculate the greatest common divisor of 13 and h.
13
Let j be 4 + -3 + 0 + 79. Suppose 0 = -z - 3*o + 17, 4*z + o - 47 - 32 = 0. Calculate the highest common factor of z and j.
20
Suppose 3*s = s + 220. Suppose -4*d = 2*o - 48, 7*o + 14 = 3*d + 3*o. What is the greatest common factor of s and d?
10
Let s = 159 + -91. Calculate the highest common factor of 17 and s.
17
Let i = 1 + -1. Suppose i*l = -l - 46. Let s = -32 - l. What is the greatest common divisor of s and 35?
7
Suppose 5*j - 168 = j. Let c = j - 21. Suppose 0*n - c = -3*n. What is the greatest common divisor of n and 77?
7
Let l = -137 - -247. What is the highest common divisor of 11 and l?
11
Let p be 3 + 0*3/6. Suppose 2*j + p*a = 2*a + 32, -64 = -4*j + 2*a. Suppose 3*g = 0, -3*g + j = 4*s - g. Calculate the greatest common factor of 2 and s.
2
Let g(r) = 5*r**2 + 9*r - 24. Let s be g(-8). What is the greatest common factor of 14 and s?
14
Let r be (-1)/2 - 13/(-2). Let j be (4/6)/(24/216). What is the greatest common factor of j and r?
6
Suppose -n + 3*n + 4 = 0, 2*n + 19 = 3*g. Let h be 1*g*(10 + 7). Calculate the greatest common divisor of 17 and h.
17
Let x(g) = -2*g + 1. Let v = 3 - 4. Let p be x(v). Let h be (-5 - -10)/(10/4). Calculate the highest common factor of p and h.
1
Let q(a) = -2*a - 2. Let p be q(3). Let y = 2 + p. Let v be (-2)/(-4) - 75/y. Calculate the greatest common divisor of 117 and v.
13
Let u = 18 + -13. Suppose n + n = -2*z - 2, 0 = u*z - n - 13. Suppose -z*k + 52 = 16. What is the greatest common divisor of 6 and k?
6
Suppose -2*n = 4*o - 6*n - 196, -4*o = 3*n - 168. Let i be (-2)/6 - (-147)/9. Let t be i/3 - (-2)/(-6). Calculate the greatest common factor of o and t.
5
Let c be (-4)/14 + (-4)/(-14). Suppose c = -g - g. Suppose g = -2*s + 7*s - 50. What is the greatest common divisor of s and 80?
10
Let j be (-40)/(-16)*(1 + 11). Calculate the greatest common divisor of 6 and j.
6
Let l(s) = -s**3 - 5*s**2 + 1. Let d be l(-5). Suppose 2*f = -8, -i + 2*i - 8 = -3*f. Suppose 2*t - i + 2 = 0. Calculate the greatest common factor of t and d.
1
Let f(p) = 2*p**2 + 8*p + 14. Let l be f(-5). Let c = 175 + -55. What is the highest common factor of l and c?
24
Suppose 0 = -5*t + j + 7, 5*j - 2 = 13. Let p be (-7)/(-14) - (-83)/t. What is the highest common factor of 28 and p?
14
Suppose w = -2*w + 57. Suppose -3*q = -5*q + 304. Calculate the greatest common divisor of w and q.
19
Suppose -4*z - 4 = 2*l, 4*l + 0*l = 3*z + 25. Suppose -l*c + 32 + 12 = 0. Let b = 24 - 13. What is the greatest common divisor of c and b?
11
Suppose 1 + 11 = c. Suppose 0 = -4*t + c, -12 = -3*q - 2*t + 6. Suppose q*b - 14 - 9 = -x, -2*x = 10. Calculate the greatest common divisor of 28 and b.
7
Suppose -2*w + 3*t = -40, t - 48 = -2*w + 6*t. Let p = -16 - -23. Calculate the greatest common divisor of w and p.
7
Suppose -6*n = -2*n - 40. What is the greatest common divisor of 100 and n?
10
Suppose 6*q = 2*q - 48. Let n be (-20)/3*q/5. Let v = 308 + -132. What is the greatest common divisor of v and n?
16
Let h = 21 - -37. What is the highest common factor of 29 and h?
29
Suppose -3*y + 131 = 35. Let q = -1 + 9. Calculate the greatest common divisor of y and q.
8
Let i = 6 + -5. Suppose -130 = -p -